de 1078635?
False
Is 41369 a multiple of 41?
True
Is 190098 a multiple of 531?
True
Is 622685 even?
False
Is 21480 a multiple of 12?
True
Is 13 a factor of 556237?
False
Is 620 a factor of 367769?
False
Is 80872 a multiple of 8?
True
Is 203 a factor of 40693?
False
Is 818 a factor of 8789124?
False
Is 7 a factor of 85120?
True
Is 1881126 a multiple of 13?
True
Is 4 a factor of 800976?
True
Is 215 a factor of 38212?
False
Does 32 divide 3007168?
True
Is 6974748 a multiple of 6?
True
Is 2834320 a multiple of 20?
True
Does 48 divide 20400?
True
Does 439 divide 781859?
True
Is 60723 a multiple of 8?
False
Is 12 a factor of 21300?
True
Is 4382057 a multiple of 61?
True
Is 317558 a multiple of 83?
True
Is 41 a factor of 217397?
False
Does 4 divide 42024?
True
Does 10 divide 17670?
True
Does 419 divide 1915397?
False
Does 5 divide 303922?
False
Is 116 a factor of 80156?
True
Is 42 a factor of 544203?
False
Is 58950 a multiple of 90?
True
Does 299 divide 318457?
False
Does 127 divide 108204?
True
Is 23500230 a multiple of 27?
False
Is 17 a factor of 563227?
True
Does 280 divide 2934598?
False
Does 24 divide 11544?
True
Does 36 divide 679469?
False
Is 222 a factor of 389610?
True
Does 16 divide 81760?
True
Is 9942724 a multiple of 356?
True
Is 6086520 a multiple of 44?
True
Is 4580290 a multiple of 22?
True
Is 15 a factor of 63457?
False
Is 55006 a multiple of 14?
True
Is 31 a factor of 709342?
True
Is 1202617 a multiple of 13?
True
Does 15 divide 96378?
False
Is 54965 a multiple of 3?
False
Is 586 a factor of 346440?
False
Does 13 divide 21701884?
False
Does 9 divide 70898?
False
Is 262714 a multiple of 8?
False
Is 1765709 a multiple of 43?
True
Is 536751 a multiple of 81?
False
Is 40 a factor of 320680?
True
Is 4293365 a multiple of 8?
False
Does 506 divide 20599569?
False
Is 811 a factor of 1097283?
True
Does 374 divide 1358368?
True
Is 187850 a multiple of 13?
True
Does 618 divide 756158?
False
Is 274 a factor of 83570?
True
Does 276 divide 419151?
False
Is 1503044 a multiple of 41?
False
Is 950 a factor of 3905450?
True
Is 46613 a multiple of 7?
True
Does 14 divide 4961446?
True
Is 119 a factor of 327548?
False
Is 139634 a multiple of 13?
False
Is 28 a factor of 11816?
True
Is 56 a factor of 1130920?
True
Is 144 a factor of 124704?
True
Is 14637 a multiple of 324?
False
Does 23 divide 1300466?
True
Is 1299480 a multiple of 1176?
True
Is 325248 a multiple of 168?
True
Is 14 a factor of 1099727?
False
Is 13 a factor of 9840701?
True
Is 134567 a multiple of 53?
True
Does 499 divide 6319300?
False
Is 17 a factor of 124236?
True
Does 12 divide 151869?
False
Does 18 divide 18032?
False
Is 56 a factor of 392?
True
Is 188244 a multiple of 27?
True
Is 80080 a multiple of 140?
True
Is 41 a factor of 191429?
True
Is 19390439 a multiple of 33?
False
Is 43 a factor of 123969?
True
Is 72 a factor of 49824?
True
Does 38 divide 1354168?
True
Is 296 a factor of 198024?
True
Does 13 divide 235170?
True
Is 1033388 a multiple of 56?
False
Does 102 divide 141572?
False
Is 17 a factor of 404756?
False
Is 74551 a multiple of 49?
False
Is 22 a factor of 641400?
False
Is 1865592 a multiple of 604?
False
Is 835877 a multiple of 17?
False
Is 683003 a multiple of 22?
False
Is 75 a factor of 1427769?
False
Is 145 a factor of 20586230?
True
Is 29 a factor of 339010?
True
Does 24 divide 407507?
False
Is 877131 a multiple of 11?
False
Is 444782 a multiple of 26?
True
Is 27878312 a multiple of 883?
False
Is 130 a factor of 1280413?
False
Is 810696 a multiple of 102?
True
Does 40 divide 6849?
False
Is 201257 a multiple of 16?
False
Is 2214086 a multiple of 12?
False
Is 631822 a multiple of 3?
False
Does 14 divide 926303?
False
Is 281 a factor of 1758569?
False
Is 31 a factor of 833731?
False
Is 51 a factor of 970181?
False
Does 29 divide 108005?
False
Does 263 divide 448941?
True
Is 77 a factor of 1235646?
False
Does 635 divide 1317923?
False
Does 624 divide 1980012?
False
Is 7763161 a multiple of 54?
False
Is 2184446 a multiple of 5?
False
Does 520 divide 1006258?
False
Is 686952 a multiple of 1128?
True
Does 70 divide 105280?
True
Is 26 a factor of 7296?
False
Does 11 divide 58422?
False
Is 2 a factor of 194072?
True
Does 7 divide 17136?
True
Is 164 a factor of 5669155?
False
Is 24 a factor of 921960?
True
Is 22 a factor of 2142585?
False
Does 20 divide 128893?
False
Is 144745 a multiple of 11?
False
Does 30 divide 163890?
True
Does 90 divide 318760?
False
Is 12 a factor of 171294?
False
Does 4 divide 29648?
True
Is 413 a factor of 8659168?
False
Is 113 a factor of 582076?
False
Is 37 a factor of 2770930?
True
Is 476235 a multiple of 46?
False
Does 9 divide 54876?
False
Is 101 a factor of 2364854?
False
Is 132 a factor of 3044712?
True
Does 299 divide 1455831?
True
Does 6 divide 277631?
False
Is 64 a factor of 25856?
True
Is 373 a factor of 4205202?
True
Does 10 divide 361373?
False
Is 10 a factor of 696654?
False
Is 82305 a multiple of 5?
True
Is 13 a factor of 16224?
True
Is 79927 a multiple of 188?
False
Is 120691 a multiple of 3?
False
Is 12433966 a multiple of 586?
False
Is 254532 a multiple of 12?
True
Is 421 a factor of 1249900?
False
Does 12 divide 2846136?
True
Does 28 divide 805980?
True
Does 38 divide 259540?
True
Does 22 divide 298584?
True
Is 1549180 a multiple of 10?
True
Is 307 a factor of 306764?
False
Is 99 a factor of 2585771?
False
Is 9 a factor of 25439533?
False
Is 142528 a multiple of 544?
True
Does 6 divide 301278?
True
Does 21 divide 23940?
True
Does 44 divide 763549?
False
Does 816 divide 156824?
False
Does 42 divide 7186759?
False
Is 108 a factor of 1049168?
False
Is 3683509 a multiple of 17?
True
Is 82 a factor of 879138?
False
Does 198 divide 3614292?
True
Does 87 divide 5853862?
False
Does 75 divide 141946?
False
Does 123 divide 7067457?
True
Is 772557 a multiple of 130?
False
Is 175827 a multiple of 45?
False
Is 1403021 a multiple of 27?
False
Does 647 divide 157868?
True
Is 123635 a multiple of 51?
False
Is 2002092 a multiple of 562?
False
Is 2225730 a multiple of 11?
False
Is 69 a factor of 223146?
True
Is 84 a factor of 3520202?
False
Does 22 divide 228514?
True
Does 232 divide 6967656?
True
Is 41953 a multiple of 8?
False
Is 174828 a multiple of 204?
True
Is 12179685 a multiple of 62?
False
Does 520 divide 9931414?
False
Is 220 a factor of 18597260?
True
Does 931 divide 6766309?
False
Is 170472 a multiple of 66?
False
Is 44800 a multiple of 140?
True
Is 6 a factor of 61734?
True
Is 98381 a multiple of 95?
False
Does 54 divide 1904707?
False
Is 349724 a multiple of 37?
True
Is 123825 a multiple of 13?
True
Does 268 divide 770443?
False
Is 124488 a multiple of 468?
True
Is 229933 a multiple of 65?
False
Is 7059 a multiple of 307?
False
Is 1680802 a multiple of 643?
True
Does 12 divide 29388?
True
Does 24 divide 139175?
False
Is 10 a factor of 487120?
True
Is 192 a factor of 124304?
False
Is 1071 a factor of 209916?
True
Does 831 divide 13976589?
True
Is 40 a factor of 879104?
False
Does 18 divide 144240?
False
Is 9207036 a multiple of 6?
True
Is 35 a factor of 10926285?
False
Is 6 a factor of 4018478?
False
Does 18 divide 278318?
False
Is 260 a factor of 5648852?
False
Does 404 divide 133724?
True
Is 53298 a multiple of 3?
True
Is 10226342 a multiple of 217?
True
Is 145 a factor of 1184274?
False
Does 48 divide 13200?
True
Does 14 divide 27672?
False
Is 2306903 a multiple of 3?
False
Is 347373 a multiple of 39?
True
Does 63 divide 489195?
True
Is 4363806 a multiple of 15?
False
Is 210510 a multiple of 6?
True
Is 32997617 a multiple of 14?
False
Is 5688 a multiple of 72?
True
Is 549038 a multiple of 451?
False
Is 143940 a multiple of 20?
True
Is 157250 a multiple of 74?
True
Is 3539332 a multiple of 14?
False
Is 9 a factor of 832041?
True
Does 57 divide 170202?
True
Is 1597 a factor of 15236977?
True
Does 3 divide 931798?
False
Is 38070 a multiple of 5?
True
Is 145890 a multiple of 15?
True
Is 193587 a multiple of 5?
False
Does 60 divide 99900?
True
Is 32 a factor of 130816?
True
Is 340 a factor of 37066?
False
Does 27 divide 104461?
False
Does 550 divide 114400?
True
Does 75 divide 9086625?
True
Is 15 a factor of 139286?
False
Is 191 a factor of 5672560?
False
Is 38 a factor of 405157?
False
Is 714 a factor of 368424?
True
Does 427 divide 542